{"id":758,"date":"2025-06-11T12:21:13","date_gmt":"2025-06-11T12:21:13","guid":{"rendered":"https:\/\/sklep.misalti.com\/?post_type=product&#038;p=758"},"modified":"2025-08-29T11:25:04","modified_gmt":"2025-08-29T11:25:04","slug":"zestaw-3-mlynkow-z-solami","status":"publish","type":"product","link":"https:\/\/sklep.misalti.com\/index.php\/produkt\/zestaw-3-mlynkow-z-solami\/","title":{"rendered":"Zestaw 3 m\u0142ynk\u00f3w z 3 solami"},"content":{"rendered":"","protected":false},"excerpt":{"rendered":"<p><strong data-start=\"73\" data-end=\"110\">MISALTI \u2013 zestaw m\u0142ynk\u00f3w z solami<\/strong><\/p>\n<p>Zestaw 3 eleganckich m\u0142ynk\u00f3w w raz z 3 naturalnymi solami z polskich kopal\u0144. M\u0142ynki pozwalaj\u0105 precyzyjnie dozowa\u0107 aromatyczne sole, kt\u00f3re podkre\u015bl\u0105 charakter ka\u017cdej potrawy.<\/p>\n","protected":false},"featured_media":763,"comment_status":"open","ping_status":"closed","template":"","meta":[],"product_brand":[56],"product_cat":[32],"product_tag":[62,25,23,63],"class_list":{"0":"post-758","1":"product","2":"type-product","3":"status-publish","4":"has-post-thumbnail","6":"product_brand-misalti","7":"product_cat-pakiety","8":"product_tag-prezent","9":"product_tag-przyprawa","10":"product_tag-sol","11":"product_tag-upominek","13":"first","14":"instock","15":"taxable","16":"shipping-taxable","17":"purchasable","18":"product-type-simple"},"jetpack_sharing_enabled":true,"_links":{"self":[{"href":"https:\/\/sklep.misalti.com\/index.php\/wp-json\/wp\/v2\/product\/758","targetHints":{"allow":["GET"]}}],"collection":[{"href":"https:\/\/sklep.misalti.com\/index.php\/wp-json\/wp\/v2\/product"}],"about":[{"href":"https:\/\/sklep.misalti.com\/index.php\/wp-json\/wp\/v2\/types\/product"}],"replies":[{"embeddable":true,"href":"https:\/\/sklep.misalti.com\/index.php\/wp-json\/wp\/v2\/comments?post=758"}],"wp:featuredmedia":[{"embeddable":true,"href":"https:\/\/sklep.misalti.com\/index.php\/wp-json\/wp\/v2\/media\/763"}],"wp:attachment":[{"href":"https:\/\/sklep.misalti.com\/index.php\/wp-json\/wp\/v2\/media?parent=758"}],"wp:term":[{"taxonomy":"product_brand","embeddable":true,"href":"https:\/\/sklep.misalti.com\/index.php\/wp-json\/wp\/v2\/product_brand?post=758"},{"taxonomy":"product_cat","embeddable":true,"href":"https:\/\/sklep.misalti.com\/index.php\/wp-json\/wp\/v2\/product_cat?post=758"},{"taxonomy":"product_tag","embeddable":true,"href":"https:\/\/sklep.misalti.com\/index.php\/wp-json\/wp\/v2\/product_tag?post=758"}],"curies":[{"name":"wp","href":"https:\/\/api.w.org\/{rel}","templated":true}]}}