{"id":155,"date":"2025-05-17T13:02:25","date_gmt":"2025-05-17T13:02:25","guid":{"rendered":"http:\/\/sklep.misalti.com\/?page_id=155"},"modified":"2025-05-21T10:54:06","modified_gmt":"2025-05-21T10:54:06","slug":"regulamin-sklepu","status":"publish","type":"page","link":"https:\/\/sklep.misalti.com\/index.php\/regulamin-sklepu\/","title":{"rendered":"Regulamin sklepu"},"content":{"rendered":"\n<p><\/p>\n\n\n\n<p><\/p>\n\n\n<p><!-- \/wp:post-content --><!-- \/wp:list-item --><!-- \/wp:list --><!-- \/wp:list-item --><\/p>\n<p><!-- wp:post-content --><\/p>\n<p><!-- wp:paragraph --><\/p>\n<p>Misalti sp. z o.o.<br \/>Niniejszy Regulamin okre\u015bla zasady zawierania um\u00f3w sprzeda\u017cy produkt\u00f3w Misalti sp. z o.o.zawartych w cenniku za po\u015brednictwem sklepu internetowego oraz okre\u015bla zasady wykonywania tych um\u00f3w, prawa i\u00a0obowi\u0105zki sklepu Misalti sp. z o.o. i\u00a0Konsumenta oraz zasady post\u0119powania reklamacyjnego.<br \/>Z\u0142o\u017cenie przez Konsumenta zam\u00f3wienia jest r\u00f3wnoznaczne z\u00a0akceptacj\u0105 niniejszego Regulaminu.<\/p>\n<p><strong>\u00a7 1 Postanowienia og\u00f3lne<\/strong><\/p>\n<p>Sklep internetowy Misalti sp. z o.o. prowadzony jest pod adresem\u00a0www.sklep.misalti.com przez Misalti sp. z o.o.. z\u00a0siedzib\u0105 w\u00a0Gnie\u017anie, zarejestrowan\u0105 w\u00a0Krajowym Rejestrze S\u0105dowym prowadzonym przez S\u0105d Rejonowy Pozna\u0144 \u2013 Nowe Miasto i Wilda Wydzia\u0142 IX Gospodarczy pod numerem KRS 0001092600, NIP 7842540479 , REGON 52800098800000, zwany dalej w\u00a0Regulaminie \u201eMisalti sp. z o.o.\u201d lub \u201eSklepem Internetowym\u201d.<\/p>\n<p>W sprawie z\u0142o\u017conego zam\u00f3wienia Konsument mo\u017ce uzyskiwa\u0107 informacje w\u00a0godzinach pracy Sklepu Internetowego (od poniedzia\u0142ku do pi\u0105tku od godziny 8.00 do godziny 16.00, za wyj\u0105tkiem dni ustawowo uznanych za dni wolne od pracy), pod ni\u017cej wskazanymi numerami:<\/p>\n<p>a) numery telefon\u00f3w (Sklep Internetowy): +48 792 222 790<br \/>b) numer telefaksu (Biuro Obs\u0142ugi Klienta): +48 792 222 790<br \/>c) adres e-mail do korespondencji w\u00a0sprawie sprzeda\u017cy:\u00a0biuro@misalti.com<br \/>d) adres strony internetowej Sklepu:\u00a0www.sklep.misalti.com<br \/>e) adres e-mail, na kt\u00f3ry mo\u017cna sk\u0142ada\u0107 o\u015bwiadczenia o\u00a0odst\u0105pieniu od umowy:\u00a0biuro@misalti.com<br \/>f) adres e-mail, na kt\u00f3ry mo\u017cna sk\u0142ada\u0107 reklamacje towaru Sklep Internetowy:\u00a0biuro@misalti.com, tel. +48 792 222 790<\/p>\n<ul>\n<li>Sklep internetowy Misalti sp. z o.o. prowadzi sprzeda\u017c towar\u00f3w za po\u015brednictwem sieci Internet\u00a0wy\u0142\u0105cznie na terenie Polski.<\/li>\n<li>Zam\u00f3wienia s\u0105 przyjmowane przez stron\u0119\u00a0www.sklep.misalti.com na odpowiednim formularzu zam\u00f3wie\u0144 .<\/li>\n<li>Najp\u00f3\u017aniej w\u00a0dacie dostarczenia towaru lub rozpocz\u0119cia \u015bwiadczenia us\u0142ugi, pracownik sklepu internetowego potwierdzi zawarcie<\/li>\n<li>Umowy na odleg\u0142o\u015b\u0107 na trwa\u0142ym no\u015bniku (jako podstawowy trwa\u0142y no\u015bnik b\u0119dzie traktowana poczta elektroniczna lub dokument w\u00a0wersji papierowej). Potwierdzenie dodatkowo zawiera\u0107 b\u0119dzie istotne informacje zawarte w\u00a0Regulaminie Sklepu oraz informacj\u0119 o\u00a0wyra\u017ceniu przez Konsumenta zgody na otrzymywanie tre\u015bci cyfrowych.<\/li>\n<li>Standardowy czas realizacji zam\u00f3wienia wynosi 48 godzin (bez sob\u00f3t i\u00a0niedziel oraz dni \u015bwi\u0105tecznych), od jego otrzymania. Jest to orientacyjny czas liczony od momentu otrzymania potwierdzenia zap\u0142aty, do chwili wys\u0142ania towaru.<\/li>\n<li>Zam\u00f3wienie zostanie zrealizowane pod warunkiem, \u017ce towar jest dost\u0119pny w\u00a0magazynie. W\u00a0przypadku niedost\u0119pno\u015bci cz\u0119\u015bci towar\u00f3w obj\u0119tych zam\u00f3wieniem Konsument jest informowany o\u00a0stanie zam\u00f3wienia i\u00a0podejmuje decyzje o\u00a0sposobie jego realizacji (cz\u0119\u015bciowa realizacja, wyd\u0142u\u017cenie czasu oczekiwania, anulowanie ca\u0142o\u015bci zam\u00f3wienia).<\/li>\n<li>Do sprzeda\u017cy promocyjnej oraz wyprzeda\u017cy przeznaczona jest ograniczona liczba towar\u00f3w i\u00a0realizacja zam\u00f3wie\u0144 nast\u0119puje wed\u0142ug kolejno\u015bci wp\u0142ywania potwierdzonych zam\u00f3wie\u0144 na te towary, a\u017c do wyczerpania si\u0119 zapas\u00f3w obj\u0119tych t\u0105 form\u0105 sprzeda\u017cy.<\/li>\n<\/ul>\n<p>Za zam\u00f3wione towary Konsument p\u0142aci:<br \/>a) za pomoc\u0105 platformy p\u0142atniczej przelewy24.pl<br \/>b) przelewem na konto bankowe Misalti sp. z o.o.. prowadzonym przez: mBank. nr rachunku : 62 1140 1124 0000 2875 8900 1001<br \/>c) kurierowi w przypadku wybrania opcji p\u0142atno\u015bci \u201eza pobraniem\u201d<\/p>\n<ul>\n<li>Do ka\u017cdego zam\u00f3wienia wystawiana jest faktura VAT. Konsument otrzymuje, \u0142\u0105cznie z przesy\u0142k\u0105, podpisany przez pracownika sklepu internetowego, orygina\u0142 faktury. Nale\u017cy przy tym mie\u0107 na uwadze, \u017ce w przypadku, gdy Konsument b\u0119d\u0105cy osob\u0105 fizyczn\u0105 sk\u0142ada zam\u00f3wienie lub dokonuje zakupu przy u\u017cyciu danych (np. z podaniem nazwy \/firmy, numer NIP ) dotycz\u0105cych dzia\u0142alno\u015bci gospodarczej prowadzonej przez tego kupuj\u0105cego, domniemywa\u0107 si\u0119 b\u0119dzie, i\u017c zakup jest przez niego dokonywany w zwi\u0105zku z tak\u0105 dzia\u0142alno\u015bci\u0105 i faktura wystawiona b\u0119dzie na tego kupuj\u0105cego, jako przedsi\u0119biorc\u0119., w\u00f3wczas nie b\u0119d\u0105 mia\u0142y zastosowania zapisy niniejszego Regulaminu dotycz\u0105ce uprawnie\u0144 Konsumenta lecz przepisy powszechnie obowi\u0105zuj\u0105ce.<\/li>\n<li>Konsument mo\u017ce wprowadzi\u0107 zmiany w zam\u00f3wieniu do momentu otrzymania ze Sklepu Internetowego potwierdzenia zawarcia umowy.<\/li>\n<li>Wszystkie ceny podawane s\u0105 w z\u0142otych polskich i zawieraj\u0105 podatek VAT. Cena podana przy ka\u017cdym towarze jest wi\u0105\u017c\u0105ca w chwili z\u0142o\u017cenia przez Konsumenta zam\u00f3wienia.<\/li>\n<\/ul>\n<p>Dostawa towaru odbywa si\u0119 w okre\u015blony w zam\u00f3wieniu spos\u00f3b. Przesy\u0142ki dostarczaj\u0105:<\/p>\n<p>1) InPost sp. z o.o.<br \/>ul. Wielicka 28, 30-552 Krak\u00f3w<br \/>NIP: 6793108059<\/p>\n<p>Infolinia:<br \/>722 444\u00a0000<br \/>746 600\u00a0000<\/p>\n<p>Dost\u0119pno\u015b\u0107 Infolinii<br \/>poniedzia\u0142ek \u2013 pi\u0105tek 7:00\u201322:00<br \/>sobot\u0119 8:00\u201320:00<br \/>niedziele 8:00 \u2013 18:00 (tylko Paczkomaty)<br \/>\u015awi\u0119ta 8:00 \u2013 16:00 (tylko Paczkomaty)<\/p>\n<p>2)DPD Polska Sp. z o.o.<br \/>Mineralna 5,\u00a0 02 247 Warszawa<br \/>NIP: 526-020-41-10<\/p>\n<p>Infolinia:<br \/>telefon\/fax: 801 400 373 lub 22 577-55-55<br \/>Contact Center DPD Polska (Infolinia) pracuje od poniedzia\u0142ku do pi\u0105tku w godzinach 8:00 \u2013 18:00 oraz w soboty w godzinach 8:00 \u2013 14:00<\/p>\n<p>Misalti zastrzega sobie mo\u017cliwo\u015b\u0107 zmiany dostawcy, o czym konsument zostanie poinformowany.<br \/>Dok\u0142adne koszty zam\u00f3wionego towaru oraz realizowanej wysy\u0142ki s\u0105 podawane Konsumentowi w\u00a0spos\u00f3b jasny i\u00a0widoczny na formularzu zam\u00f3wienia, bezpo\u015brednio przed momentem z\u0142o\u017cenia przez Konsumenta zam\u00f3wienia.<br \/>Konsument jest zobowi\u0105zany potwierdzi\u0107 przed momentem zatwierdzenia zam\u00f3wienia na stronie internetowej, \u017ce jego zakup jest zwi\u0105zany z\u00a0obowi\u0105zkiem zap\u0142aty koszt\u00f3w zatwierdzonego zam\u00f3wienia. Przedmiotowe potwierdzenie nast\u0119puj\u0119 poprzez zaznaczenie przez Konsumenta na formularzu zam\u00f3wienia osobnej zak\u0142adki o\u00a0tre\u015bci: \u201eZAM\u00d3WIENIE Z\u00a0OBOWI\u0104ZKIEM ZAP\u0141ATY\u201d.<br \/>W przypadku wybrania opcji \u201eza pobraniem\u201e Konsument zobowi\u0105zany jest do zap\u0142acenia za towar kurierowi. Op\u0142ata b\u0119dzie r\u00f3wnowarto\u015bci\u0105 zam\u00f3wionego towaru wraz z r\u00f3wnowarto\u015bci\u0105 koszt\u00f3w dostawy.<br \/>Umowa sprzeda\u017cy na odleg\u0142o\u015b\u0107 pomi\u0119dzy Sklepem a\u00a0Konsumentem zostaje zawarta z\u00a0chwil\u0105 otrzymania przez Sklep zam\u00f3wienia z\u0142o\u017conego przez Konsumenta. Przedmiotem umowy jest sprzeda\u017c towaru wymienionego w\u00a0zam\u00f3wieniu.<\/p>\n<p><strong>\u00a7 2 Warunki wysy\u0142ki<\/strong><\/p>\n<ul>\n<li>Ca\u0142kowity koszt zam\u00f3wienia obejmuje warto\u015b\u0107 zam\u00f3wionych produkt\u00f3w i\u00a0op\u0142at\u0119 za dostarczenie zam\u00f3wionych produkt\u00f3w Konsumentowi. Koszt zam\u00f3wienia ponosi Konsument. Informacja dotycz\u0105ca ca\u0142kowitych koszt\u00f3w zam\u00f3wienia oraz terminu zap\u0142aty podawana jest Konsumentowi przed z\u0142o\u017ceniem przez niego zam\u00f3wienia. W\u00a0braku odmiennych zastrze\u017ce\u0144, termin zap\u0142aty za zam\u00f3wiony towar wynosi 5\u00a0dni roboczych od daty z\u0142o\u017cenia przez Konsumenta zam\u00f3wienia. W\u00a0przypadku braku p\u0142atno\u015bci w\u00a0tym terminie, Sklep Internetowy anuluje z\u0142o\u017cone zam\u00f3wienie przesy\u0142aj\u0105c niezw\u0142ocznie informacj\u0119 Konsumentowi na trwa\u0142ym no\u015bniku lub informuje go o zaistnia\u0142ej sytuacji telefonicznie.<\/li>\n<li>P\u0142atno\u015bci elektroniczne w sklepie obs\u0142uguje platforma p\u0142atnicza\u00a0www.przelewy24.pl. W przypadku wyboru p\u0142atno\u015bci elektronicznej realizacja\u00a0 zam\u00f3wienia nast\u0105pi po autoryzowaniu p\u0142atno\u015bci przez platform\u0119 p\u0142atnicz\u0105.<\/li>\n<li>Wybranie formy p\u0142atno\u015bci przelewem powoduje przesuni\u0119cie realizacji zam\u00f3wienia do momentu wp\u0142yni\u0119cia op\u0142aty za r\u00f3wnowarto\u015b\u0107 zam\u00f3wienia na konto Misalti sp. z o.o. wskazane w formularzu zam\u00f3wienia.<\/li>\n<li>W przypadku wybrania opcji \u201eza pobraniem\u201d zam\u00f3wienie zostaje realizowane natychmiast, konsument p\u0142aci za zam\u00f3wiony towar i op\u0142at\u0119 za dostarczony towar kurierowi. W opcji \u201eza pobraniem\u201d koszt dostarczenia mo\u017ce by\u0107 wi\u0119kszy ze wzgl\u0119du na op\u0142aty manipulacyjne.<\/li>\n<li>Sklep zastrzega sobie prawo wstrzymania realizacji zam\u00f3wienia i\u00a0jego weryfikacji w\u00a0przypadku uzasadnionych w\u0105tpliwo\u015bci, co do wiarygodno\u015bci wype\u0142nionego formularza zam\u00f3wienia lub z\u0142o\u017conego zam\u00f3wienia o czym konsument zostanie poinformowany.<\/li>\n<\/ul>\n<p><strong>\u00a7 3 Warunki odst\u0105pienia od Umowy<\/strong><\/p>\n<ul>\n<li>Konsument mo\u017ce odst\u0105pi\u0107 od zawartej ze Sklepem Umowy bez podawania przyczyny i bez ponoszenia dodatkowych koszt\u00f3w w ci\u0105gu 14 dni od daty odebrania zam\u00f3wienia. O prawie oraz warunkach odst\u0105pienia od Umowy Sklep informuje Konsumenta w momencie sk\u0142adania przez niego zam\u00f3wienia. Dodatkowo wraz z potwierdzeniem przez Sklep zawarcia umowy, Konsument otrzymuje wz\u00f3r formularza odst\u0105pienia od Umowy.<\/li>\n<li>O\u015bwiadczenie o\u00a0odst\u0105pieniu od umowy konsument mo\u017ce z\u0142o\u017cy\u0107 pisemnie na adres Misalti sp. z o.o. z dopiskiem Sklep Internetowy lub drog\u0105 elektroniczn\u0105, przesy\u0142aj\u0105c o\u015bwiadczenie o\u00a0odst\u0105pieniu na adres Sklepu Internetowego\u00a0biuro@misalti.com<\/li>\n<li>Sklep umo\u017cliwia tak\u017ce Konsumentowi z\u0142o\u017cenie o\u015bwiadczenia odst\u0105pienia od umowy za pomoc\u0105 interaktywnego elektronicznego formularza odst\u0105pienia od umowy, znajduj\u0105cego si\u0119 na stronie internetowej Sklepu Internetowego www.sklep.misalti.com. W przypadku z\u0142o\u017cenia o\u015bwiadczenia o\u00a0odst\u0105pieniu od umowy drog\u0105 elektroniczn\u0105, Sklep Internetowy prze\u015ble niezw\u0142ocznie Konsumentowi za pomoc\u0105 poczty elektronicznej potwierdzenie otrzymania o\u015bwiadczenia o\u00a0odst\u0105pieniu od umowy.<\/li>\n<li>W przypadku odst\u0105pienia przez Konsumenta od umowy, Misalti zwr\u00f3ci Konsumentowi kwot\u0119 r\u00f3wn\u0105 cenie towaru. Zwrot nast\u0105pi niezw\u0142ocznie, jednak nie p\u00f3\u017aniej ni\u017c w terminie 14 dni od dnia otrzymania o\u015bwiadczenia Konsumenta o odst\u0105pieniu od umowy. P\u0142atno\u015bci zostan\u0105 zwr\u00f3cone w ci\u0105gu 5 dni roboczych przelewem bankowym na konto wskazane przez Konsumenta lub przekazem pocztowym pod adres wskazany w zam\u00f3wieniu, po otrzymaniu towaru.<\/li>\n<li>W przypadku zwrotu rzeczy na skutek odst\u0105pienia od umowy, Konsument poniesie bezpo\u015brednie koszty zwrotu towaru.<br \/>Konsument ma obowi\u0105zek zwr\u00f3ci\u0107 towar do Sklepu Internetowego, lub przekaza\u0107 go osobie upowa\u017cnionej przez Sklep Internetowy niezw\u0142ocznie, jednak nie p\u00f3\u017aniej ni\u017c w ci\u0105gu 14 dni od dnia, w kt\u00f3rym odst\u0105pi\u0142 od umowy. Dla zachowania terminu zwrotu towaru przez Konsumenta wystarczy odes\u0142anie towaru przed jego up\u0142ywem.<\/li>\n<li>Towar nale\u017cy zwr\u00f3ci\u0107 w\u00a0stanie niezmienionym, co oznacza, \u017ce towar nie mo\u017ce zawiera\u0107 \u017cadnych zniszcze\u0144 lub uszkodze\u0144. Towar powinien zosta\u0107 zwr\u00f3cony \u0142\u0105cznie z\u00a0opakowaniem. Zwracany towar nale\u017cy odsy\u0142a\u0107 razem z\u00a0otrzyman\u0105 faktur\u0105 VAT. Je\u015bli dosz\u0142o do zmniejszenia warto\u015bci towaru w\u00a0wyniku korzystania z\u00a0niego w\u00a0spos\u00f3b przekraczaj\u0105cy konieczny do stwierdzenia w\u0142a\u015bciwo\u015bci towaru, jego cech i\u00a0funkcjonowania, Konsument poniesie proporcjonalne koszty zmniejszenia warto\u015bci towaru.<\/li>\n<\/ul>\n<p><strong>\u00a7 4 Reklamacje dotycz\u0105ce Towar\u00f3w z tytu\u0142u r\u0119kojmi<\/strong><\/p>\n<ul>\n<li>Sklep internetowy odpowiada z tytu\u0142u niezgodno\u015bci Towaru z umow\u0105 na zasadach okre\u015blonych w Ustawie o prawach konsumenta wobec Klienta b\u0119d\u0105cego Konsumentem oraz Klienta b\u0119d\u0105cego osob\u0105 fizyczn\u0105 zawieraj\u0105c\u0105 Umow\u0119 bezpo\u015brednio zwi\u0105zan\u0105 z jej dzia\u0142alno\u015bci\u0105 gospodarcz\u0105, gdy z tre\u015bci tej Umowy wynika, \u017ce nie posiada ona dla tej osoby charakteru zawodowego, wynikaj\u0105cego w szczeg\u00f3lno\u015bci z przedmiotu wykonywanej przez ni\u0105 dzia\u0142alno\u015bci gospodarczej, udost\u0119pnionego na podstawie przepis\u00f3w o Centralnej Ewidencji i Informacji o Dzia\u0142alno\u015bci Gospodarczej. R\u0119kojmia wobec Przedsi\u0119biorc\u00f3w jest wy\u0142\u0105czona.<\/li>\n<li>Reklamacje, wynikaj\u0105ce z naruszenia praw Klienta gwarantowanych prawnie lub na podstawie niniejszego Regulaminu, nale\u017cy kierowa\u0107 na adres Misalti sp. z o.o. ul. Pozna\u0144ska 72, 62-200 Gniezno, tel. +48 792 222 790 lub drog\u0105 elektroniczn\u0105 na adres biuro@misalti.com<\/li>\n<li>Celem rozpatrzenia reklamacji Klient powinien przes\u0142a\u0107 lub dostarczy\u0107 reklamowany Towar, je\u017celi jest to mo\u017cliwe do\u0142\u0105czaj\u0105c do niego dow\u00f3d zakupu. Towar nale\u017cy dostarczy\u0107 lub przes\u0142a\u0107 na adres na adres Misalti sp. z o.o. ul. Pozna\u0144ska 72, 62-200 Gniezno, tel. +48 792 222 790, biuro@misalti.com<\/li>\n<li>Sklep internetowy zobowi\u0105zuje si\u0119 do rozpatrzenia ka\u017cdej reklamacji w terminie do 14 dni od dnia jej otrzymania.<br \/>W przypadku brak\u00f3w w reklamacji Sklep internetowy wezwie Klienta do jej uzupe\u0142nienia w niezb\u0119dnym zakresie niezw\u0142ocznie, nie p\u00f3\u017aniej jednak ni\u017c w terminie 7 dni, od daty otrzymania wezwania przez Klienta<\/li>\n<\/ul>\n<p><br \/><strong>\u00a7 5 Reklamacje w zakresie \u015bwiadczenia us\u0142ug drog\u0105 elektroniczn\u0105<\/strong><\/p>\n<ul>\n<li>Klient mo\u017ce zg\u0142asza\u0107 Sprzedawcy reklamacje w zwi\u0105zku z funkcjonowaniem Sklepu i korzystaniem z Us\u0142ug. Reklamacje mo\u017cna zg\u0142asza\u0107 pisemnie na adres: na adres Misalti sp. z o.o. ul. Pozna\u0144ska 72, 62-200 Gniezno, tel. +48 792 222 790, lub drog\u0105 eleketroniczn\u0105 na adres biuro@misalti.com<\/li>\n<li>W reklamacji Klient powinien poda\u0107 swoje imi\u0119 i nazwisko, adres do korespondencji, rodzaj i opis zaistnia\u0142ego problemu.<br \/>Sklep internetowy zobowi\u0105zuje si\u0119 do rozpatrzenia ka\u017cdej reklamacji w terminie do 14 dni od dnia jej otrzymania. W przypadku brak\u00f3w w reklamacji Sklep internetowy wezwie Klienta do jej uzupe\u0142nienia w niezb\u0119dnym zakresie w terminie 7 dni, od daty otrzymania wezwania przez Klienta.<\/li>\n<\/ul>\n<p><br \/><strong>\u00a7 6 Postanowienia ko\u0144cowe<\/strong><\/p>\n<ul>\n<li>Dane osobowe zawarte w\u00a0formularzu rejestracyjnym przechowywane i\u00a0przetwarzane s\u0105 w\u00a0spos\u00f3b zgodny z\u00a0zakresem udzielonego przez Konsumenta zezwolenia oraz wymogami prawa polskiego, w\u00a0szczeg\u00f3lno\u015bci zgodnie z\u00a0ustaw\u0105 z dnia 10 maja 2018r. o\u00a0ochronie danych osobowych (Dz.U z 2019r. poz. 1781 z p\u00f3\u017an. zm.). Formularz rejestracyjny zawiera dane pozwalaj\u0105ce na okre\u015blenie to\u017csamo\u015bci u\u017cytkownika, czyli dane osobowe i\u00a0teleadresowe. Obowi\u0105zkowe jest jednak wype\u0142nienie tylko niekt\u00f3rych jego cz\u0119\u015bci, zawieraj\u0105cych dane wymagane przy zawarciu transakcji wynikaj\u0105cych z\u00a0prawa cywilnego i\u00a0traktuj\u0105ce o\u00a0umowie sprzeda\u017cy. Ka\u017cdy Konsument, kt\u00f3ry wype\u0142ni\u0142 formularz rejestracyjny ma mo\u017cliwo\u015b\u0107 sta\u0142ego dost\u0119pu do danych w\u00a0celu ich weryfikacji, modyfikacji b\u0105d\u017a te\u017c ich usuni\u0119cia. Sklep nie przekazuje, nie odsprzedaje, oraz nie u\u017cycza zgromadzonych danych osobowych swoich kontrahent\u00f3w innym osobom lub instytucjom.<\/li>\n<li>Prawa i\u00a0obowi\u0105zki stron wynikaj\u0105ce z\u00a0zawartej umowy regulowane s\u0105 w\u00a0ustawie z\u00a0dnia 30 maja 2014 roku o\u00a0prawach konsumenta (Dz.U. z\u00a0 2024 r., poz. 1796), w\u00a0ustawie z\u00a0dnia 23 kwietnia 1964 r. Kodeks Cywilny (Dz.U z 2024r., poz.1061).<br \/>Umowa sprzeda\u017cy towar\u00f3w zawierana jest zgodnie z\u00a0prawem polskim i\u00a0w j\u0119zyku polskim.<br \/>Wszelkie spory wynikaj\u0105ce z\u00a0umowy sprzeda\u017cy rozpatrywane b\u0119d\u0105 przez s\u0105dy w\u0142a\u015bciwe miejscowo dla siedziby Sklepu Internetowego.<br \/>Regulamin wchodzi w\u00a0\u017cycie z\u00a0dniem 1 maja 2025r.<\/li>\n<\/ul>\n<p><br \/><a href=\"https:\/\/sklep.misalti.com\/wp-content\/uploads\/2025\/05\/FORMULARZA-ODSTAPIENIA-OD-UMOWY.pdf\">Pobierz formularz odst\u0105pienia od Umowy.<\/a><\/p>\n<p><a href=\"https:\/\/sklep.misalti.com\/wp-content\/uploads\/2025\/05\/FORMULARZA-ODSTAPIENIA-OD-UMOWY.docx\">Wype\u0142nij formularz odst\u0105pienia od Umowy.<\/a><\/p>\n<p><a href=\"https:\/\/sklep.misalti.com\/wp-content\/uploads\/2025\/05\/formularz-reklamacja-misalti.docx\">Formularz reklamacji.<\/a><\/p>\n<p><!-- \/wp:paragraph --><\/p>\n<p><!-- wp:paragraph --><\/p>\n<p><!-- \/wp:paragraph --><\/p>\n<p><!-- wp:paragraph --><\/p>\n<p><!-- \/wp:paragraph --><!-- \/wp:list-item --><!-- \/wp:list-item --><!-- \/wp:post-content --><!-- \/wp:list-item --><\/p>","protected":false},"excerpt":{"rendered":"<p>Misalti sp. z o.o.Niniejszy Regulamin okre\u015bla zasady zawierania um\u00f3w sprzeda\u017cy produkt\u00f3w Misalti sp. z o.o.zawartych w cenniku za po\u015brednictwem sklepu internetowego oraz okre\u015bla zasady wykonywania tych um\u00f3w, prawa i\u00a0obowi\u0105zki sklepu Misalti sp. z o.o. i\u00a0Konsumenta oraz zasady post\u0119powania reklamacyjnego.Z\u0142o\u017cenie przez Konsumenta zam\u00f3wienia jest r\u00f3wnoznaczne z\u00a0akceptacj\u0105 niniejszego Regulaminu. \u00a7 1 Postanowienia og\u00f3lne Sklep internetowy Misalti sp. [&hellip;]<\/p>\n","protected":false},"author":1,"featured_media":0,"parent":0,"menu_order":0,"comment_status":"closed","ping_status":"closed","template":"","meta":{"footnotes":""},"class_list":["post-155","page","type-page","status-publish","hentry"],"blocksy_meta":[],"jetpack_sharing_enabled":true,"_links":{"self":[{"href":"https:\/\/sklep.misalti.com\/index.php\/wp-json\/wp\/v2\/pages\/155","targetHints":{"allow":["GET"]}}],"collection":[{"href":"https:\/\/sklep.misalti.com\/index.php\/wp-json\/wp\/v2\/pages"}],"about":[{"href":"https:\/\/sklep.misalti.com\/index.php\/wp-json\/wp\/v2\/types\/page"}],"author":[{"embeddable":true,"href":"https:\/\/sklep.misalti.com\/index.php\/wp-json\/wp\/v2\/users\/1"}],"replies":[{"embeddable":true,"href":"https:\/\/sklep.misalti.com\/index.php\/wp-json\/wp\/v2\/comments?post=155"}],"version-history":[{"count":31,"href":"https:\/\/sklep.misalti.com\/index.php\/wp-json\/wp\/v2\/pages\/155\/revisions"}],"predecessor-version":[{"id":393,"href":"https:\/\/sklep.misalti.com\/index.php\/wp-json\/wp\/v2\/pages\/155\/revisions\/393"}],"wp:attachment":[{"href":"https:\/\/sklep.misalti.com\/index.php\/wp-json\/wp\/v2\/media?parent=155"}],"curies":[{"name":"wp","href":"https:\/\/api.w.org\/{rel}","templated":true}]}}